{"id":18,"date":"2025-05-10T16:34:31","date_gmt":"2025-05-10T14:34:31","guid":{"rendered":"https:\/\/www.dsltech.info\/?page_id=18"},"modified":"2025-10-24T20:00:14","modified_gmt":"2025-10-24T18:00:14","slug":"servidor","status":"publish","type":"page","link":"https:\/\/www.dsltech.info\/index.php\/servidor\/","title":{"rendered":"Servidor actual"},"content":{"rendered":"\n<p><\/p>\n\n\n\n<h3 class=\"wp-block-heading\"><strong>El servidor actual de la web de DSLTECH.INFO<\/strong><\/h3>\n\n\n\n<p>Podr\u00edem dir que es un ordinador vell? (del 2015 )<\/p>\n\n\n\n<p>Podr\u00edem dir tamb\u00e9 que \u00e9s una Workstation realment ? S\u00ed<\/p>\n\n\n\n<p>No he vist  cosa  m\u00e9s robusta i fiable en molt temps&#8230;  <\/p>\n\n\n\n<p>i es que DELL fa b\u00e9 les coses!<\/p>\n\n\n\n<figure class=\"wp-block-image size-full is-resized\"><img fetchpriority=\"high\" decoding=\"async\" width=\"224\" height=\"224\" src=\"https:\/\/www.dsltech.info\/wp-content\/uploads\/2025\/05\/logo_dell.png\" alt=\"\" class=\"wp-image-169\" style=\"width:161px;height:auto\" srcset=\"https:\/\/www.dsltech.info\/wp-content\/uploads\/2025\/05\/logo_dell.png 224w, https:\/\/www.dsltech.info\/wp-content\/uploads\/2025\/05\/logo_dell-150x150.png 150w\" sizes=\"(max-width: 224px) 100vw, 224px\" \/><\/figure>\n\n\n\n<p>Aqu\u00ed una mica les seves caracter\u00edstiques t\u00e8cniques actuals :<\/p>\n\n\n\n<p><\/p>\n\n\n\n<ul class=\"wp-block-list\">\n<li>CPU INTEL XEON E5606 x 4 nuclis <\/li>\n\n\n\n<li>32 Gb RAM ECC<\/li>\n\n\n\n<li>GR\u00c0FICA AMD RX580 amb 8GB<\/li>\n\n\n\n<li>2 x HD 500 GB SATA <\/li>\n\n\n\n<li>1 x HD 2.000 GB SATA<\/li>\n\n\n\n<li>SS.OO. UBUNTU 24.04 LTS<\/li>\n\n\n\n<li>XARXA BROADCOM GIGABIT<\/li>\n\n\n\n<li>8 PORTS USB 2.0 + 2 USB 3.0<\/li>\n\n\n\n<li>GRAVADORA DVD DL <\/li>\n\n\n\n<li>LECTOR M\u00daLTIPLE DE TARGETES<\/li>\n<\/ul>\n\n\n\n<figure class=\"wp-block-image size-large is-resized\"><img decoding=\"async\" width=\"949\" height=\"1024\" src=\"https:\/\/www.dsltech.info\/wp-content\/uploads\/2025\/05\/dell-t7500-949x1024.jpg\" alt=\"\" class=\"wp-image-202\" style=\"width:326px;height:auto\" srcset=\"https:\/\/www.dsltech.info\/wp-content\/uploads\/2025\/05\/dell-t7500-949x1024.jpg 949w, https:\/\/www.dsltech.info\/wp-content\/uploads\/2025\/05\/dell-t7500-278x300.jpg 278w, https:\/\/www.dsltech.info\/wp-content\/uploads\/2025\/05\/dell-t7500-768x829.jpg 768w, https:\/\/www.dsltech.info\/wp-content\/uploads\/2025\/05\/dell-t7500.jpg 1208w\" sizes=\"(max-width: 949px) 100vw, 949px\" \/><\/figure>\n\n\n\n<p>Per  un preu de menys de 500\u20ac em va costar fa bastants anys&#8230;<\/p>\n\n\n\n<p>Sin\u00f3 mireu els workstations actuals que deuen tenir encara a les seves webs :<\/p>\n\n\n\n<p>inforocasion.com (Gal\u00edcia) i com no, de aqu\u00ed Barcelona: ofertaspc.com i borax.es<\/p>\n\n\n\n<p><\/p>\n\n\n\n<p>Sempre li he fet pedreries a aquest ordinador muntant i provant coses&#8230; i mai ha petat.<\/p>\n\n\n\n<p>Per\u00f2 crec que ara ja ha trobat el seu lloc fixe com a servidor web, ftp, bases de dades, correu, streaming , vpn, etc\u00e8tera.<\/p>\n\n\n\n<p>del que ara \u00e9s el meu lloc virtual a internet:       <strong>DSLTECH.INFO<\/strong><\/p>\n","protected":false},"excerpt":{"rendered":"<p>El servidor actual de la web de DSLTECH.INFO Podr\u00edem dir que es un ordinador vell? (del 2015 ) Podr\u00edem dir tamb\u00e9 que \u00e9s una Workstation realment ? S\u00ed No he vist cosa m\u00e9s robusta i fiable en molt temps&#8230; i es que DELL fa b\u00e9 les coses! Aqu\u00ed una mica les seves caracter\u00edstiques t\u00e8cniques actuals &#8230; <a title=\"Servidor actual\" class=\"read-more\" href=\"https:\/\/www.dsltech.info\/index.php\/servidor\/\" aria-label=\"M\u00e9s informaci\u00f3 sobre Servidor actual\">Llegiu m\u00e9s<\/a><\/p>\n","protected":false},"author":1,"featured_media":0,"parent":0,"menu_order":0,"comment_status":"closed","ping_status":"closed","template":"","meta":{"ngg_post_thumbnail":0,"footnotes":""},"class_list":["post-18","page","type-page","status-publish"],"_links":{"self":[{"href":"https:\/\/www.dsltech.info\/index.php\/wp-json\/wp\/v2\/pages\/18","targetHints":{"allow":["GET"]}}],"collection":[{"href":"https:\/\/www.dsltech.info\/index.php\/wp-json\/wp\/v2\/pages"}],"about":[{"href":"https:\/\/www.dsltech.info\/index.php\/wp-json\/wp\/v2\/types\/page"}],"author":[{"embeddable":true,"href":"https:\/\/www.dsltech.info\/index.php\/wp-json\/wp\/v2\/users\/1"}],"replies":[{"embeddable":true,"href":"https:\/\/www.dsltech.info\/index.php\/wp-json\/wp\/v2\/comments?post=18"}],"version-history":[{"count":12,"href":"https:\/\/www.dsltech.info\/index.php\/wp-json\/wp\/v2\/pages\/18\/revisions"}],"predecessor-version":[{"id":239,"href":"https:\/\/www.dsltech.info\/index.php\/wp-json\/wp\/v2\/pages\/18\/revisions\/239"}],"wp:attachment":[{"href":"https:\/\/www.dsltech.info\/index.php\/wp-json\/wp\/v2\/media?parent=18"}],"curies":[{"name":"wp","href":"https:\/\/api.w.org\/{rel}","templated":true}]}}